tors of 4270.
2, 5, 7, 61
List the prime factors of 1708.
2, 7, 61
List the prime factors of 1471.
1471
List the prime factors of 3773.
7, 11
List the prime factors of 84276.
2, 3, 2341
What are the prime factors of 6957?
3, 773
List the prime factors of 25717.
25717
List the prime factors of 17519.
17519
What are the prime factors of 6459?
3, 2153
What are the prime factors of 19316?
2, 11, 439
What are the prime factors of 2904?
2, 3, 11
What are the prime factors of 143?
11, 13
What are the prime factors of 9260?
2, 5, 463
List the prime factors of 13289.
97, 137
List the prime factors of 40.
2, 5
List the prime factors of 873.
3, 97
What are the prime factors of 3220?
2, 5, 7, 23
What are the prime factors of 8292?
2, 3, 691
List the prime factors of 69791.
101, 691
What are the prime factors of 13095?
3, 5, 97
List the prime factors of 1421.
7, 29
List the prime factors of 158.
2, 79
List the prime factors of 678.
2, 3, 113
What are the prime factors of 10379?
97, 107
What are the prime factors of 3768?
2, 3, 157
List the prime factors of 3311.
7, 11, 43
What are the prime factors of 26020?
2, 5, 1301
What are the prime factors of 12541?
12541
What are the prime factors of 97599?
3, 32533
List the prime factors of 8.
2
List the prime factors of 6695.
5, 13, 103
What are the prime factors of 3050?
2, 5, 61
What are the prime factors of 1064?
2, 7, 19
What are the prime factors of 4020?
2, 3, 5, 67
List the prime factors of 10328.
2, 1291
List the prime factors of 1178.
2, 19, 31
List the prime factors of 887.
887
List the prime factors of 70802.
2, 35401
List the prime factors of 7732.
2, 1933
List the prime factors of 24255.
3, 5, 7, 11
What are the prime factors of 7829?
7829
List the prime factors of 5716.
2, 1429
List the prime factors of 31216.
2, 1951
What are the prime factors of 10337?
10337
What are the prime factors of 1705?
5, 11, 31
List the prime factors of 34386.
2, 3, 11, 521
What are the prime factors of 1202?
2, 601
List the prime factors of 1915.
5, 383
What are the prime factors of 23629?
23629
What are the prime factors of 4428?
2, 3, 41
What are the prime factors of 5265?
3, 5, 13
List the prime factors of 6462.
2, 3, 359
What are the prime factors of 54423?
3, 6047
What are the prime factors of 2772?
2, 3, 7, 11
What are the prime factors of 2350?
2, 5, 47
What are the prime factors of 3922?
2, 37, 53
List the prime factors of 51871.
51871
What are the prime factors of 20678?
2, 7, 211
What are the prime factors of 20684?
2, 5171
List the prime factors of 3654.
2, 3, 7, 29
What are the prime factors of 38694?
2, 3, 6449
What are the prime factors of 104917?
104917
List the prime factors of 1302.
2, 3, 7, 31
What are the prime factors of 3729?
3, 11, 113
List the prime factors of 6332.
2, 1583
What are the prime factors of 8904?
2, 3, 7, 53
List the prime factors of 1345.
5, 269
What are the prime factors of 3506?
2, 1753
List the prime factors of 1757.
7, 251
What are the prime factors of 498?
2, 3, 83
List the prime factors of 119503.
119503
List the prime factors of 6464.
2, 101
List the prime factors of 764.
2, 191
What are the prime factors of 10893?
3, 3631
List the prime factors of 50973.
3, 13, 1307
What are the prime factors of 3720?
2, 3, 5, 31
What are the prime factors of 13994?
2, 6997
List the prime factors of 17068.
2, 17, 251
What are the prime factors of 20144?
2, 1259
List the prime factors of 773.
773
List the prime factors of 11432.
2, 1429
What are the prime factors of 21534?
2, 3, 37, 97
List the prime factors of 197.
197
What are the prime factors of 3002?
2, 19, 79
What are the prime factors of 1380?
2, 3, 5, 23
What are the prime factors of 3516?
2, 3, 293
What are the prime factors of 7164?
2, 3, 199
What are the prime factors of 2542?
2, 31, 41
What are the prime factors of 24576?
2, 3
List the prime factors of 1138.
2, 569
What are the prime factors of 2918?
2, 1459
List the prime factors of 11005.
5, 31, 71
What are the prime factors of 24322?
2, 12161
What are the prime factors of 37?
37
What are the prime factors of 2158?
2, 13, 83
List the prime factors of 10119.
3, 3373
What are the prime factors of 11173?
11173
What are the prime factors of 5305?
5, 1061
List the prime factors of 4643.
4643
List the prime factors of 94672.
2, 61, 97
What are the prime factors of 11274?
2, 3, 1879
List the prime factors of 826.
2, 7, 59
What are the prime factors of 21554?
2, 13, 829
List the prime factors of 29653.
13, 2281
What are the prime factors of 1161?
3, 43
What are the prime factors of 80957?
73, 1109
List the prime factors of 1573.
11, 13
What are the prime factors of 17471?
17471
What are the prime factors of 29658?
2, 3, 4943
List the prime factors of 1387.
19, 73
List the prime factors of 49802.
2, 37, 673
List the prime factors of 21030.
2, 3, 5, 701
What are the prime factors of 2241?
3, 83
List the prime factors of 83592.
2, 3, 43
What are the prime factors of 79127?
67, 1181
List the prime factors of 774.
2, 3, 43
List the prime factors of 3658.
2, 31, 59
List the prime factors of 55925.
5, 2237
What are the prime factors of 6?
2, 3
What are the prime factors of 9539?
9539
List the prime factors of 70.
2, 5, 7
What are the prime factors of 5400?
2, 3, 5
What are the prime factors of 11044?
2, 11, 251
What are the prime factors of 6717?
3, 2239
What are the prime factors of 73643?
73643
What are the prime factors of 7734?
2, 3, 1289
List the prime factors of 19176.
2, 3, 17, 47
What are the prime factors of 325?
5, 13
List the prime factors of 1136.
2, 71
What are the prime factors of 4594?
2, 2297
List the prime factors of 74023.
79, 937
What are the prime factors of 1295?
5, 7, 37
List the prime factors of 106007.
11, 23, 419
What are the prime factors of 3842?
2, 17, 113
What are the prime factors of 2674?
2, 7, 191
What are the prime factors of 2094?
2, 3, 349
What are the prime factors of 31336?
2, 3917
What are the prime factors of 8222?
2, 4111
What are the prime factors of 3341?
13, 257
What are the prime factors of 13856?
2, 433
What are the prime factors of 108964?
2, 27241
What are the prime factors of 9335?
5, 1867
List the prime factors of 3194.
2, 1597
List the prime factors of 1527.
3, 509
What are the prime factors of 25007?
17, 1471
What are the prime factors of 1146?
2, 3, 191
List the prime factors of 7993.
7993
List the prime factors of 258.
2, 3, 43
What are the prime factors of 4337?
4337
What are the prime factors of 2074?
2, 17, 61
What are the prime factors of 1286?
2, 643
List the prime factors of 713.
23, 31
List the prime factors of 12169.
43, 283
List the prime factors of 73.
73
List the prime factors of 2956.
2, 739
List the prime factors of 145.
5, 29
List the prime factors of 6587.
7, 941
What are the prime factors of 2454?
2, 3, 409
What are the prime factors of 124622?
2, 62311
List the prime factors of 25186.
2, 7, 257
What are the prime factors of 5443?
5443
What are the prime factors of 6865?
5, 1373
What are the prime factors of 425?
5, 17
What are the prime factors of 26044?
2, 17, 383
List the prime factors of 463.
463
What are the prime factors of 10407?
3, 3469
List the prime factors of 14571.
3, 1619
List the prime factors of 30645.
3, 5, 227
What are the prime factors of 595?
5, 7, 17
What are the prime factors of 7436?
2, 11, 13
List the prime factors of 20401.
23, 887
List the prime factors of 56487.
3, 19, 991
What are the prime factors of 280?
2, 5, 7
List the prime factors of 352.
2, 11
What are the prime factors of 135764?
2, 33941
What are the prime factors of 12538?
2, 6269
What are the prime factors of 47918?
2, 13, 19, 97
List the prime factors of 2410.
2, 5, 241
List the prime factors of 497.
7, 71
What are the prime factors of 8027?
23, 349
What are the prime factors of 6298?
2, 47, 67
List the prime factors of 7563.
3, 2521
What are the prime factors of 2105?
5, 421
What are the prime factors of 6517?
7, 19
List the prime factors of 991.
991
List the prime factors of 6973.
19, 367
List the prime factors of 48329.
31, 1559
What are the prime factors of 103005?
3, 5, 7, 109
What are the prime factors of 462?
2, 3, 7, 11
List the prime factors of 50956.
2, 12739
What are the prime factors of 1715?
5, 7
List the prime factors of 